ded by (12 - 1) + 3 + -2?
10
Suppose 3*l - 54 = -0*l - 3*c, -4*l = -4*c - 32. What is the remainder when l is divided by -2*(9/(-2) + 1)?
6
Let t = -38 - 39. Let q = -52 - t. What is the remainder when q is divided by 9?
7
What is the remainder when 239 is divided by 0 + 47/3 - (-18)/54?
15
Let v(h) = h**3 + 21*h**2 + 19*h - 11. What is the remainder when 29 is divided by v(-20)?
2
Let c = 31 - 15. Let k = 2 + 27. Calculate the remainder when k is divided by c.
13
Let p(y) be the first derivative of y**3/3 + 9*y**2/2 - 2*y + 1. Let s be p(-5). What is the remainder when 5 is divided by s/(-8) + (-1)/(-4)?
2
Suppose -3*i = -5*q + 122, q = -2*i + 6*i + 38. What is the remainder when 62 is divided by q?
18
Let z(j) = -2*j**2 - j + 4. Let h(q) = 2*q**2 + q - 5. Let w(l) = 4*h(l) + 5*z(l). Let o be w(1). What is the remainder when 6*(-4)/6*o is divided by 7?
5
Suppose a + 2 = 2*a. Let h be a*(-5)/(-2) - 2. Let n = 4 + h. Calculate the remainder when 20 is divided by n.
6
Let v(c) = c + 5. Let n be v(-3). Calculate the remainder when 44 is divided by (-5 + -41)*(-1)/n.
21
Suppose 0*m + 60 = 5*m. Calculate the remainder when 52 is divided by m.
4
Let x(o) = -o**3 - 15*o**2 + 33*o + 42. What is the remainder when x(-17) is divided by 7?
3
Let s(c) be the second derivative of 31*c**4/12 + c**3/6 - c**2/2 + c. What is the remainder when s(1) is divided by 11?
9
Let v be (2 + (2 - 1))/1. Suppose 5 = -v*m + 14. Suppose -m*t + 0 = -24. What is the remainder when 23 is divided by t?
7
Let b = 125 + -108. Calculate the remainder when 116 is divided by b.
14
Suppose -5*s = -19 - 46. Calculate the remainder when 75 is divided by s.
10
Let c(i) = -i**3 + 4*i**2 + 5*i - 7. Let s(j) = 8*j - 1. Let z be s(2). Let x = z - 8. What is the remainder when c(4) is divided by x?
6
Let f(t) = t**2 + 3*t - 3. Let h be f(3). Suppose 8*s - h = 3*s. Calculate the remainder when 4 is divided by s.
1
Let p be 15/(-6)*(-3 - -1). Suppose 167 = p*h - 23. Let a = 34 - 21. Calculate the remainder when h is divided by a.
12
Suppose -3*m + 0*m = -225. Calculate the remainder when m is divided by 11.
9
Let x = 206 + -196. Let u(w) = w**3 + 9*w**2 + 8*w + 5. Calculate the remainder when u(-7) is divided by x.
7
Let n(w) = -w**3 + 19*w**2 + 2. Calculate the remainder when ((-3)/(-4))/((-1)/(-8)) is divided by n(19).
0
Let u(p) = 3*p**2 + 3*p - 10. What is the remainder when u(4) is divided by 17?
16
Suppose -j + 22 = j. Suppose 0*b + 126 = 2*b. Suppose 3 = -3*r + b. Calculate the remainder when r is divided by j.
9
Let g(b) = -b**3 + 11*b**2 + 12*b + 11. What is the remainder when 41 is divided by g(12)?
8
Let v(i) = 2*i**2 - 6*i - 6. Calculate the remainder when 27 is divided by v(5).
13
Let i = -2 + 4. Suppose 3*q + i*r = 61, q - 7 = -0*q + 2*r. Suppose 5*d - q = -y, -2*d + d = 5*y - 13. What is the remainder when 5 is divided by y?
1
Let f(b) = -2*b - 4. Let p(k) = 2*k + 4. Let i(c) = -5*f(c) - 6*p(c). What is the remainder when i(-13) is divided by 8?
6
Let w be 0/(-1) + (-3 - -1). Calculate the remainder when 7 is divided by 3/((-2)/(0 + w)).
1
Let x = 9 + -9. Suppose -l + 26 = -x. What is the remainder when l is divided by 9?
8
Let c = 22 + -12. Let d(k) = 7*k - 5. Calculate the remainder when d(6) is divided by c.
7
Suppose 614 = -5*z - 101. Let w = 250 + z. What is the remainder when w is divided by 27?
26
Suppose 0 = 4*b - b - 147. Suppose -z = -3 - 14. Calculate the remainder when b is divided by z.
15
Suppose 19 - 7 = 3*y, -y = -2*x + 12. Let d(u) = u**3 - 5*u**2 - 2*u - 2. Calculate the remainder when d(6) is divided by x.
6
Let m(w) = -w**2 + 5*w + 3. What is the remainder when (3/(-6)*-10)/1 is divided by m(5)?
2
Let w(a) = 31*a**2 + a. Let x = -9 + 10. What is the remainder when w(x) is divided by 11?
10
Let m = 88 - 63. Calculate the remainder when 99 is divided by m.
24
Suppose 2*i + 2*i - 92 = 0. Calculate the remainder when 89 is divided by i.
20
Suppose -k - 12 = -4*k. Suppose k*l + 11 - 31 = 0. Calculate the remainder when 9 is divided by l.
4
Let n(y) = y**3 - 5*y**2 + 4*y. Let v be n(4). Suppose v = -4*s - 2 + 18. What is the remainder when 11 is divided by s?
3
Let x be 112/18 - 10/45. Let g be 61/(-3) - 4/x. What is the remainder when ((-14)/g)/(4/66) is divided by 4?
3
Calculate the remainder when 111 is divided by 684/(-24)*2/(-3).
16
What is the remainder when 14 is divided by 64/(-40)*5/(-2)?
2
Suppose 0 = 5*b - s - 558, -b - 5*s - 570 = -6*b. What is the remainder when b is divided by 38?
35
Suppose -5*h + 129 - 14 = 0. Let c(v) = -2*v**3 - 3*v**2 - 5*v - 6. What is the remainder when h is divided by c(-2)?
7
Let o(h) = 3*h + 1. Suppose -102*u = -99*u - 39. What is the remainder when u is divided by o(2)?
6
Let h be (-9)/(-3) + (10 - 0). Suppose 3*p - 4 = -13, -q - 4*p + h = 0. Suppose -3*w = 2*w - q. Calculate the remainder when 14 is divided by w.
4
Let f(j) = 12*j**2 - 6*j + 2. Let s be f(2). Let l = s - 26. Let b(t) = 2*t - 3. What is the remainder when l is divided by b(4)?
2
Let u(l) be the second derivative of 8*l**5/5 + l**4/12 - l**2/2 + 2*l. What is the remainder when u(1) is divided by 11?
10
Let m be (-1)/4 + (-10)/(-8). Let r = 7 + m. What is the remainder when (-5 + (22 - -6))*1 is divided by r?
7
Let j = 5 - 2. Let a(u) = u**3 + u + 1. Calculate the remainder when a(j) is divided by 8.
7
Suppose 6*u - 3*q = 2*u + 23, -20 = -3*u + 5*q. What is the remainder when ((-6)/9)/(1/(-27)) is divided by u?
3
Let a be (2/(-3))/(4/(-60)). Calculate the remainder when a/(-3 - 26/(-8)) is divided by 14.
12
Let v = -5 + 9. Let z = 37 - v. What is the remainder when z is divided by 12?
9
Let x(n) be the second derivative of -n**3/3 + n**2/2 - 2*n. Let v(c) = -10*c. What is the remainder when v(-2) is divided by x(-3)?
6
Suppose 5*o = -2*g + o + 110, -2*g + o = -90. Suppose -4*v - 7*c + 2*c = -81, 3*v + c - g = 0. Calculate the remainder when 40 is divided by v.
12
Let r(w) = -7*w + w**2 + 1 + 1 + 8. What is the remainder when r(7) is divided by 6?
4
Suppose 0 = z + z - 4. What is the remainder when ((-2)/4)/(z/(-56)) is divided by 36/10 - 4/(-10)?
2
Calculate the remainder when (-2)/(-6) - 1422/(-27) is divided by 27.
26
Suppose 4*x = 3*d + 92, 0 = -4*x + 2*d - d + 100. Let k(c) = 51*c**2 - 1. Calculate the remainder when k(-1) is divided by x.
24
Let d = 0 + 3. Suppose -d*i = 5*k - 152, 3*k + 1 + 192 = 4*i. Suppose -5*l + 51 = -2*l. What is the remainder when i is divided by l?
15
Let g = 62 + -38. Suppose 5*i + 113 = n, -3*n - i + 295 = -5*i. What is the remainder when n is divided by g?
21
Let b(d) = d**2 + 1. Let k(a) = -4*a**2 + 5*a - 7. Let r(z) = -5*b(z) - k(z). Suppose 9 - 16 = -7*l. Calculate the remainder when r(-5) is divided by l.
0
Let p(w) be the third derivative of 4*w**4/3 - w**3/2 + 7*w**2. What is the remainder when p(2) is divided by 21?
19
What is the remainder when (-889)/(-11) + (-2)/(-11) is divided by 21?
18
Calculate the remainder when 3/(-3)*(-51)/3 is divided by 6.
5
Let w = 1 - -4. Suppose q = w*v + 10, v + 2*q - 5 = 4. What is the remainder when (v - 1)*(-12)/6 is divided by 2?
0
Suppose 3*s = -9 + 21. Suppose 27 = -w + s*w. Calculate the remainder when 26 is divided by w.
8
Let u be 1/((-1)/(-26)) + 2. Let g = 50 - u. What is the remainder when 42 is divided by g?
20
Let f(i) = i + 1. Let w be f(-6). Let o = 5 - w. Calculate the remainder when 28 is divided by o.
8
Let g(c) = -c**3 + 5*c**2 - 5*c + 5. What is the remainder when g(3) is divided by 5?
3
Suppose -15 = -3*z, z - 2*z + 1 = -2*c. Let o(j) = j + 4. Let h(v) = -5*v - 17. Let i(a) = -6*h(a) - 26*o(a). What is the remainder when 17 is divided by i(c)?
5
Let k = -3 - -6. Suppose -8 = -7*z + k*z. Suppose 0*v - z = -4*v - 2*c, -5*c - 9 = -4*v. Calculate the remainder when 2 is divided by v.
0
Suppose -2*s + s + 4 = 0. Suppose -3*g - 17 = o + g, -10 = 2*o - s*g. What is the remainder when 23 is divided by (0 - o) + (-3)/3?
7
Let x = 16 + -13. Calculate the remainder when 8 is divided by x.
2
Suppose 0*p = -5*i - 5*p + 20, 3*i - 3*p = -12. Suppose 0 = -3*j + 9 - i. Suppose 5*s - a - 6 = 0, 2*s + 0*a = a. What is the remainder when j is divided by s?
1
Let d = -13 - -18. Suppose 0 = -l + 5*l - 12. What is the remainder when d is divided by l?
2
Suppose -4*t + 302 = 114. Wha